{"id":395,"date":"2022-12-05T06:43:04","date_gmt":"2022-12-05T05:43:04","guid":{"rendered":"http:\/\/csaki-sli.cz\/?page_id=395"},"modified":"2025-11-20T10:26:34","modified_gmt":"2025-11-20T09:26:34","slug":"stanoviska","status":"publish","type":"page","link":"https:\/\/csaki-sli.cz\/?page_id=395","title":{"rendered":"Stanoviska"},"content":{"rendered":"\n<div class=\"wp-block-file\"><a id=\"wp-block-file--media-503d2c0f-f530-42e5-8c08-9c3e4b04e0dc\" href=\"https:\/\/csaki-sli.cz\/wp-content\/uploads\/2025\/11\/Stanovisko-SLI-CSAKI-k-frekvenci-vykazovani-vykonu-91487.pdf\" target=\"_blank\" rel=\"noreferrer noopener\">Stanovisko SLI \u010cSAKI k frekvenci vykazov\u00e1n\u00ed v\u00fdkonu 91487 (2025)<\/a><\/div>\n\n\n\n<div class=\"wp-block-file\"><a id=\"wp-block-file--media-f1fa0752-eebb-488a-98fd-50aca15925aa\" href=\"https:\/\/csaki-sli.cz\/wp-content\/uploads\/2025\/10\/Stanovisko-SLI-CSAKI-k-problematice-POCT-1.pdf\">Stanovisko SLI \u010cSAKI k problematice POCT (2025)<\/a><\/div>\n\n\n\n<div class=\"wp-block-file\"><a id=\"wp-block-file--media-62405302-1ad9-4d33-9059-9b209a30b6a8\" href=\"https:\/\/csaki-sli.cz\/wp-content\/uploads\/2025\/06\/Nepodkrocitelne-meze-odbornosti-813-\u2013-laborator-alergologicka-a-imunologicka-v2.pdf\" target=\"_blank\" rel=\"noreferrer noopener\">Nepodkro\u010diteln\u00e9 meze odbornosti 813 \u2013 laborato\u0159 alergologick\u00e1 a imunologick\u00e1 (2025)<\/a><\/div>\n\n\n\n<div class=\"wp-block-file\"><a id=\"wp-block-file--media-4d224605-57a5-4975-800a-d008ec70f17b\" href=\"https:\/\/csaki-sli.cz\/wp-content\/uploads\/2025\/06\/Stanovisko-SLI-k-problematice-uvadeni-komentaru-laboratornich-vysetreni.pdf\" target=\"_blank\" rel=\"noreferrer noopener\">Stanovisko SLI k problematice uv\u00e1d\u011bn\u00ed koment\u00e1\u0159\u016f laboratorn\u00edch vy\u0161et\u0159en\u00ed (2024)<\/a><\/div>\n\n\n\n<div class=\"wp-block-file\"><a id=\"wp-block-file--media-02dfe0a3-366f-44be-aa57-79106d505b6a\" href=\"http:\/\/csaki-sli.cz\/wp-content\/uploads\/2022\/12\/Stanovisko-CGS-a-CSAKI-k-POCT-detekci-fekalniho-kalprotektinu-2021.pdf\" target=\"_blank\" rel=\"noreferrer noopener\">Stanovisko CGS a \u010cSAKI k POCT detekci fekaln\u00edho kalprotektinu (2021)<\/a><\/div>\n\n\n\n<div class=\"wp-block-file\"><a id=\"wp-block-file--media-1cc3b0c9-c2e8-46c9-9257-20f1f8b5a6d6\" href=\"http:\/\/csaki-sli.cz\/wp-content\/uploads\/2022\/12\/Stanovisko-uvolnovani-vysledku-odbornosti-813-2017-1.pdf\" target=\"_blank\" rel=\"noreferrer noopener\">Stanovisko k uvol\u0148ov\u00e1n\u00ed v\u00fdsledk\u016f odbornosti 813 (2017)<\/a><\/div>\n\n\n\n<div class=\"wp-block-file\"><a id=\"wp-block-file--media-14162c48-765b-48a3-b5cc-dea8098188d7\" href=\"http:\/\/csaki-sli.cz\/wp-content\/uploads\/2022\/12\/Stanovisko-uznavani-kvalifikace-2015.pdf\" target=\"_blank\" rel=\"noreferrer noopener\">Stanovisko k uzn\u00e1v\u00e1n\u00ed kvalifikace (2015)<\/a><\/div>\n\n\n\n<div class=\"wp-block-file\"><a id=\"wp-block-file--media-151cc480-e729-4b14-a3ee-910d3097e06a\" href=\"http:\/\/csaki-sli.cz\/wp-content\/uploads\/2022\/12\/Stanovisko-detasovane-pracoviste-2017.pdf\" target=\"_blank\" rel=\"noreferrer noopener\">Stanovisko k problematice deta\u0161ovan\u00e9ho pracovi\u0161t\u011b odbornosti 813 (2017)<\/a><\/div>\n\n\n\n<div class=\"wp-block-file\"><a id=\"wp-block-file--media-1bced504-2b2e-4e70-9f13-feb7352327a6\" href=\"http:\/\/csaki-sli.cz\/wp-content\/uploads\/2022\/12\/Stanovisko-evidence-spotrebni-material-dle-CSN-EN-ISO-15189-2013-2016.pdf\" target=\"_blank\" rel=\"noreferrer noopener\">Stanovisko k problematice evidence spot\u0159ebn\u00edho materi\u00e1lu dle CSN EN ISO 15189 2013 (2016)<\/a><\/div>\n\n\n\n<div class=\"wp-block-file\"><a id=\"wp-block-file--media-deea96ac-043a-411d-9624-082f4aa86883\" href=\"https:\/\/csaki-sli.cz\/wp-content\/uploads\/2023\/01\/Stanovisko-pristrojova-technika-v-registracnich-listech-Seznamu-zdravotnich-vykonu-2014.pdf\" target=\"_blank\" rel=\"noreferrer noopener\">Stanovisko k p\u0159\u00edstrojov\u00e9<br>technice uveden\u00e9 v registra\u010dn\u00edch listech Seznamu zdravotn\u00edch v\u00fdkon\u016f (2014)<\/a><\/div>\n\n\n\n<div class=\"wp-block-file\"><a id=\"wp-block-file--media-2e0cb37c-24e3-429b-961c-ec2bf8567e8a\" href=\"https:\/\/csaki-sli.cz\/wp-content\/uploads\/2023\/01\/Stanovisko-uvolnovani-predbeznych-vysledku-laborantkou-2019.pdf\" target=\"_blank\" rel=\"noreferrer noopener\">Stanovisko k uvol\u0148ov\u00e1n\u00ed p\u0159edb\u011b\u017en\u00fdch v\u00fdsledk\u016f laborantkou (2019)<\/a><\/div>\n\n\n\n<div class=\"wp-block-file\"><a id=\"wp-block-file--media-9ccada2c-5321-4b80-a95a-eb49c83ddc3e\" href=\"https:\/\/csaki-sli.cz\/wp-content\/uploads\/2023\/01\/StanoviskoI-lekove-precipitacni-testy.pdf\" target=\"_blank\" rel=\"noreferrer noopener\">Stanovisko k l\u00e9kov\u00fdm precipita\u010dn\u00edm test\u016fm (2019)<\/a><\/div>\n\n\n\n<p><\/p>\n","protected":false},"excerpt":{"rendered":"","protected":false},"author":1,"featured_media":0,"parent":0,"menu_order":0,"comment_status":"closed","ping_status":"closed","template":"","meta":{"colormag_page_container_layout":"default_layout","colormag_page_sidebar_layout":"default_layout","_price":"","_stock":"","_tribe_ticket_header":"","_tribe_default_ticket_provider":"","_tribe_ticket_capacity":"0","_ticket_start_date":"","_ticket_end_date":"","_tribe_ticket_show_description":"","_tribe_ticket_show_not_going":false,"_tribe_ticket_use_global_stock":"","_tribe_ticket_global_stock_level":"","_global_stock_mode":"","_global_stock_cap":"","_tribe_rsvp_for_event":"","_tribe_ticket_going_count":"","_tribe_ticket_not_going_count":"","_tribe_tickets_list":"[]","_tribe_ticket_has_attendee_info_fields":false,"footnotes":"","_tec_slr_enabled":"","_tec_slr_layout":""},"class_list":["post-395","page","type-page","status-publish","hentry"],"ticketed":false,"_links":{"self":[{"href":"https:\/\/csaki-sli.cz\/index.php?rest_route=\/wp\/v2\/pages\/395","targetHints":{"allow":["GET"]}}],"collection":[{"href":"https:\/\/csaki-sli.cz\/index.php?rest_route=\/wp\/v2\/pages"}],"about":[{"href":"https:\/\/csaki-sli.cz\/index.php?rest_route=\/wp\/v2\/types\/page"}],"author":[{"embeddable":true,"href":"https:\/\/csaki-sli.cz\/index.php?rest_route=\/wp\/v2\/users\/1"}],"replies":[{"embeddable":true,"href":"https:\/\/csaki-sli.cz\/index.php?rest_route=%2Fwp%2Fv2%2Fcomments&post=395"}],"version-history":[{"count":13,"href":"https:\/\/csaki-sli.cz\/index.php?rest_route=\/wp\/v2\/pages\/395\/revisions"}],"predecessor-version":[{"id":743,"href":"https:\/\/csaki-sli.cz\/index.php?rest_route=\/wp\/v2\/pages\/395\/revisions\/743"}],"wp:attachment":[{"href":"https:\/\/csaki-sli.cz\/index.php?rest_route=%2Fwp%2Fv2%2Fmedia&parent=395"}],"curies":[{"name":"wp","href":"https:\/\/api.w.org\/{rel}","templated":true}]}}